{"id":59,"date":"2025-02-03T18:50:24","date_gmt":"2025-02-04T00:50:24","guid":{"rendered":"https:\/\/dti-mechatronics.com\/?page_id=59"},"modified":"2025-11-21T23:14:31","modified_gmt":"2025-11-22T05:14:31","slug":"la-automatizacion-al-alcance-de-todos","status":"publish","type":"page","link":"https:\/\/dti-mechatronics.com\/","title":{"rendered":"Home"},"content":{"rendered":"\n\n\n<div class=\"wp-block-nk-awb nk-awb\"><div class=\"nk-awb-wrap-content is-layout-constrained wp-block-nk-awb-is-layout-constrained\">\n\n<\/div><\/div>\n\n\n\n\n\n<div class=\"wp-block-getwid-section alignfull alignfull has-inner-blocks-gap-none getwid-section-content-full-width\"><div class=\"wp-block-getwid-section__wrapper getwid-padding-left-medium getwid-padding-right-medium\"><div class=\"wp-block-getwid-section__inner-wrapper\"><div class=\"wp-block-getwid-section__background-holder\"><div class=\"wp-block-getwid-section__background\"><\/div><div class=\"wp-block-getwid-section__foreground\"><\/div><\/div><div class=\"wp-block-getwid-section__content\"><div class=\"wp-block-getwid-section__inner-content\">\n\n\n\n\n<div class=\"wp-block-getwid-advanced-heading\"><span class=\"wp-block-getwid-advanced-heading__content\"><strong>Sustituye tus sistemas de control convencional a base de relevadores y contactores electromec\u00e1nicos, timers, contadores, etc. Por un sistema de PLC para realizar la l\u00f3gica de control y una HMI o pantalla touch para monitorear y controlar el sistema.<\/strong><\/span><\/div>\n\n\n\n<blockquote class=\"wp-block-quote is-layout-flow wp-block-quote-is-layout-flow\">\n<blockquote class=\"wp-block-quote is-layout-flow wp-block-quote-is-layout-flow\">\n<p class=\"has-text-align-center\"><mark style=\"background-color:#000000\" class=\"has-inline-color has-white-color\"><em><strong>Menos cableado + monitoreo de entradas y salidas = Menor Tiempo de paro<\/strong><\/em>.<\/mark><\/p>\n<\/blockquote>\n<\/blockquote>\n\n\n\n<ul class=\"wp-block-list\">\n<li>Con m\u00e1s de 30 a\u00f1os de experiencia en la industria y el trabajo permanente con maquinaria de inyecci\u00f3n de pl\u00e1stico de \u00faltima generaci\u00f3n, nos permite tener la capacidad de realizar el \u00abretrofit\u00bb a tu maquinaria en el sistema el\u00e9ctrico.<\/li>\n<\/ul>\n\n\n\n<ul class=\"wp-block-list\">\n<li>NO importa el a\u00f1o de fabricaci\u00f3n de tu m\u00e1quina -mientras est\u00e9 trabajando o no tenga m\u00e1s de dos a\u00f1os parada- podemos brindarte una soluci\u00f3n profesional acorde a tu presupuesto.<\/li>\n<\/ul>\n<\/div><\/div><\/div><\/div><\/div>\n\n\n\n\n\n<figure class=\"wp-block-video aligncenter\"><video height=\"1080\" style=\"aspect-ratio: 1920 \/ 1080;\" width=\"1920\" autoplay loop muted preload=\"auto\" src=\"https:\/\/dti-mechatronics.com\/wp-content\/uploads\/2025\/11\/Programmers-1.mp4\"><\/video><\/figure>\n\n\n\n\n\n\n\n<p class=\"has-text-align-center\"><strong><mark style=\"background-color:#fcb900\" class=\"has-inline-color has-black-color\">\u00abNo dudes en contactarnos y haz de tu proyecto un reto para nosotros\u00bb<\/mark><\/strong><\/p>\n\n\n\n<p class=\"has-text-align-center\"><strong>Solicita una Cotizaci\u00f3n r\u00e1pida o si lo prefieres una cotizaci\u00f3n Formal<\/strong> <strong>a nuestro n\u00famero<\/strong>.<\/p>\n\n\n\n<p><img loading=\"lazy\" decoding=\"async\" width=\"30\" height=\"30\" class=\"wp-image-49\" style=\"width: 30px;\" src=\"https:\/\/dti-mechatronics.com\/wp-content\/uploads\/2024\/11\/whatsapp-logo.png\" alt=\"\" srcset=\"https:\/\/dti-mechatronics.com\/wp-content\/uploads\/2024\/11\/whatsapp-logo.png 512w, https:\/\/dti-mechatronics.com\/wp-content\/uploads\/2024\/11\/whatsapp-logo-300x300.png 300w, https:\/\/dti-mechatronics.com\/wp-content\/uploads\/2024\/11\/whatsapp-logo-150x150.png 150w\" sizes=\"auto, (max-width: 30px) 100vw, 30px\" \/> WhatsApp: +52 56 1078 9860<\/p>\n\n\n\n<p><img loading=\"lazy\" decoding=\"async\" width=\"40\" height=\"40\" class=\"wp-image-50\" style=\"width: 40px;\" src=\"https:\/\/dti-mechatronics.com\/wp-content\/uploads\/2024\/11\/mail-1454731_640.webp\" alt=\"\" srcset=\"https:\/\/dti-mechatronics.com\/wp-content\/uploads\/2024\/11\/mail-1454731_640.webp 640w, https:\/\/dti-mechatronics.com\/wp-content\/uploads\/2024\/11\/mail-1454731_640-300x300.webp 300w, https:\/\/dti-mechatronics.com\/wp-content\/uploads\/2024\/11\/mail-1454731_640-150x150.webp 150w\" sizes=\"auto, (max-width: 40px) 100vw, 40px\" \/>Correo: <a href=\"mailto:ventas@dti-mechatronics.com\">ventas@dti-mechatronics.com<\/a><\/p>\n\n\n\n<figure class=\"wp-block-video aligncenter\"><video height=\"1080\" style=\"aspect-ratio: 1920 \/ 1080;\" width=\"1920\" autoplay loop muted preload=\"auto\" src=\"https:\/\/dti-mechatronics.com\/wp-content\/uploads\/2025\/11\/THE-EXPERT-PEOPLE-IN-PLASTICS.mp4\"><\/video><\/figure>\n","protected":false},"excerpt":{"rendered":"<p>\u00abNo dudes en contactarnos y haz de tu proyecto un reto para nosotros\u00bb Solicita una Cotizaci\u00f3n r\u00e1pida o si lo prefieres una cotizaci\u00f3n Formal a nuestro n\u00famero. WhatsApp: +52 56 1078 9860 Correo: ventas@dti-mechatronics.com<\/p>\n","protected":false},"author":1,"featured_media":0,"parent":0,"menu_order":0,"comment_status":"closed","ping_status":"closed","template":"","meta":{"pagelayer_contact_templates":[],"_pagelayer_content":"","advgb_blocks_editor_width":"","advgb_blocks_columns_visual_guide":"","footnotes":""},"class_list":["post-59","page","type-page","status-publish","hentry"],"coauthors":[],"author_meta":{"author_link":"https:\/\/dti-mechatronics.com\/?author=1","display_name":"dtimecha"},"relative_dates":{"created":"Publicado 1 a\u00f1o hace","modified":"Actualizado 5 meses hace"},"absolute_dates":{"created":"Publicado el 3 de febrero de 2025","modified":"Actualizado el 21 de noviembre de 2025"},"absolute_dates_time":{"created":"Publicado el 3 de febrero de 2025 6:50 PM","modified":"Actualizado el 21 de noviembre de 2025 11:14 PM"},"featured_img_caption":"","featured_img":false,"series_order":"","_links":{"self":[{"href":"https:\/\/dti-mechatronics.com\/index.php?rest_route=\/wp\/v2\/pages\/59","targetHints":{"allow":["GET"]}}],"collection":[{"href":"https:\/\/dti-mechatronics.com\/index.php?rest_route=\/wp\/v2\/pages"}],"about":[{"href":"https:\/\/dti-mechatronics.com\/index.php?rest_route=\/wp\/v2\/types\/page"}],"author":[{"embeddable":true,"href":"https:\/\/dti-mechatronics.com\/index.php?rest_route=\/wp\/v2\/users\/1"}],"replies":[{"embeddable":true,"href":"https:\/\/dti-mechatronics.com\/index.php?rest_route=%2Fwp%2Fv2%2Fcomments&post=59"}],"version-history":[{"count":60,"href":"https:\/\/dti-mechatronics.com\/index.php?rest_route=\/wp\/v2\/pages\/59\/revisions"}],"predecessor-version":[{"id":429,"href":"https:\/\/dti-mechatronics.com\/index.php?rest_route=\/wp\/v2\/pages\/59\/revisions\/429"}],"wp:attachment":[{"href":"https:\/\/dti-mechatronics.com\/index.php?rest_route=%2Fwp%2Fv2%2Fmedia&parent=59"}],"curies":[{"name":"wp","href":"https:\/\/api.w.org\/{rel}","templated":true}]}}